2. Calculate d(-3).
5
Let a(u) = -u**3 - 7*u**2. Let r(x) = 2*x**3 - 3*x**2 + 3*x - 1. Let k be r(2). Let j = k + -6. Let n be (j + -24)*(-1)/(-3). What is a(n)?
0
Let g = -3 + 9. Let k be g*(10/(-6) + 2) + -8. Let y(a) = -a**2 - 6*a + 7. Determine y(k).
7
Let f(r) = -r**2 - 13*r - 17. Suppose 5*b = -5*h - 60, 4*h = 4*b - 10 - 38. Let p be 1/(-4) + 141/h. Give f(p).
-5
Suppose 5*z - 9 = 2*z. Let s = z - 1. Suppose 3*o = -s*o + 5. Let i(h) = -3*h**3 - h**2 + 1. Determine i(o).
-3
Let c be (-2)/(-2) - 40/5. Let r = 3 + c. Let v(b) be the third derivative of -b**6/120 - b**5/30 + b**4/4 + b**3 - b**2 - 74. Determine v(r).
14
Let o(m) be the second derivative of m**5/20 - 7*m**4/12 + 7*m**3/6 - 4*m**2 - 2*m - 141. What is o(6)?
-2
Let a = -807 - -807. Let d(p) be the third derivative of -1/24*p**4 + 0 - 13*p**2 + 1/2*p**3 + a*p. Give d(0).
3
Let u(g) = 10*g**2 - g + 2. Suppose -8*j = 19*j - 27. Determine u(j).
11
Let c(h) = 7*h**2 + 11*h + 13. Let a(r) = 4*r**2 + 6*r + 7. Let s(k) = 11*a(k) - 6*c(k). Let i = -49 + 48. Determine s(i).
1
Let n(x) = x - 6. Let l(q) = -2*q + 17. Let z(h) = 4*l(h) + 11*n(h). Let v be z(6). Suppose 2*j + v = -2*j. Let i(p) = -p - 8. Give i(j).
-3
Suppose -2*d + 4 = 49*x - 50*x, 8 = 4*x. Let z(m) be the second derivative of -1/20*m**5 + 0 - m + m**2 - 1/2*m**4 + 1/3*m**d. What is z(-6)?
-10
Let z = 49 + -24. Suppose -5*i + 3 = -2*r + 13, -5*r + z = -3*i. Let t(u) = 7 - 8 - 2*u**3 + 0*u**2 + i*u**2 - 2*u. Give t(-1).
3
Let j(z) = 2*z - 6. Let s = 7 - 3. Let d(p) be the second derivative of -p**3/6 + 7*p**2/2 - 3*p. Let q(c) = s*j(c) + 3*d(c). Calculate q(3).
12
Let s(f) = f - 19. Let t(o) = -6*o**2 + 24*o + 10. Let z be t(4). What is s(z)?
-9
Suppose -42 = -5*r + 63. Let n be 1/(-3) - (-7)/r. Let h = n - -5. Let v(b) = -b**3 + 6*b**2 - 4*b - 7. What is v(h)?
-2
Let z(u) = -5 - u**2 + 0 - 2 + 12*u - 1. Determine z(9).
19
Let z(y) = -y**3 + 6*y**2 + 7*y + 2. Let c be z(7). Suppose -5*l = -2*b + 25, l + 3 = c. Let x = -5 + b. Let j(t) = -t**3 + 5*t**2 + 3. What is j(x)?
3
Let u(f) = 64 - 38 + 3*f**2 - 28 - 2*f. Calculate u(-3).
31
Let x(m) = 0*m + 7 + 40*m**3 + 4*m - 41*m**3 - 4*m**2 + 10*m**2 + 8. Give x(7).
-6
Let k(c) = -c**2 - 2*c - 1. Let d(m) = 5 - 2 - 1 - m. Let n be d(3). Let p be (-4)/((n + 9)/(-4)). What is k(p)?
-9
Let g(j) be the second derivative of -j**5/20 - j**4/2 + j**3 - j**2 - 101*j. Give g(-7).
5
Let z(h) = -2*h - 2. Let l be z(-1). Let t(a) = -16 - 5*a + l*a + 4*a. Let f be t(-9). Let m(b) = -b**3 - 8*b**2 - 6*b + 10. Give m(f).
3
Let p(j) = 6*j**2 - 5*j - 5. Let m(v) be the second derivative of -v**4/4 + v**3/3 + v**2 + 2*v. Let f = -38 - -41. Let q(k) = f*p(k) + 7*m(k). What is q(-1)?
-3
Let m(b) be the second derivative of -b**5/20 - b**4/2 + 11*b**3/6 + 25*b**2/2 - 3*b - 46. Give m(-7).
-3
Let w(z) be the first derivative of z**2/2 + z + 3. Let s be -14*1 - (-2 + 0). Let g be 3/(-3)*s/(-3). Give w(g).
-3
Let j be (-73)/(-12) - (2004/(-144) - -14). Let k(u) = -6*u + 4*u + 0*u. Calculate k(j).
-12
Suppose -3*x + p - 5 = 0, 0 = 2*x - 2*p + 5 + 1. Let i(f) = -54*f + 14. Let l(t) = 8*t - 2. Let y(g) = 5*i(g) + 35*l(g). What is y(x)?
-10
Let i be (-1)/((-2)/18) + -2. Let y = -327 - -329. Let n(c) = -10*c**2 + 11*c - 5. Let w(j) = 3*j**2 - 4*j + 2. Let g(d) = i*w(d) + y*n(d). What is g(3)?
-5
Suppose m - 1 = 1. Let g = -44 - -47. Suppose s + 5 = y, g*s = -2*s + m*y - 13. Let p(c) = -7*c**2 - 1. Determine p(s).
-8
Let m = -31 + 20. Let o be 2/m - 184/(-44). Let n be 4 - (-4 + 2 + o). Let b(g) = 2*g**3 - g**2 - 3*g + 2. Determine b(n).
8
Let i(n) = -6*n + 2 - 5 + 4*n**2 - 3*n**2. Suppose v - 2*a = 5, v = a - 2*a + 5. Give i(v).
-8
Let p(m) = -2*m**3 + 2*m**2 - 3*m + 2. Suppose 59 = 3*g - 4*o, -3*o + 0 = 15. Let a = 13 - g. Suppose a = -19*i + 15*i + 8. Determine p(i).
-12
Let d(g) = -1. Let y(z) = 2*z - 2. Let c = -94 - -96. Let w(f) = c*y(f) - 3*d(f). Determine w(-2).
-9
Let q(c) = 3 - 2 - 6*c**2 - 3 - 2 - c + 5*c**2. Calculate q(-4).
-16
Suppose 4*y + 8 = 5*l, 4 = -4*l + 2*l + 4*y. Let f be (l/6)/((-4)/(-12)). Let r(k) = 5 - 2 - 1 - k. What is r(f)?
0
Let x(o) be the second derivative of -o**5/20 + o**4/3 - 2*o**3/3 - o**2/2 + 2*o + 92. What is x(3)?
-4
Let h(p) = -2 - 4*p - 9 - 4*p + 7*p + 9 - 17*p**2. Determine h(-1).
-18
Let n(r) be the first derivative of -r**3/3 - 4*r**2 - 9*r + 1018. What is n(-2)?
3
Let y(p) = -p**2 + 13*p + 8. Let w be y(14). Let x be (3 + w)*(14/(-3) + 3). Let f(q) = -q**3 + 4*q**2 + 6*q - 6. Give f(x).
-1
Let l(s) be the third derivative of -s**6/120 + s**5/10 - s**4/4 - s**3/2 - 4*s**2 + 21*s. Let a = 10 - 5. Determine l(a).
-8
Let i(d) be the third derivative of -d**4/24 + 2*d**3/3 + 63*d**2. Give i(-5).
9
Let m(b) = b**3 - 5*b**2 - 26*b + 127. Let x be m(6). Let i(r) = r**2 - 6*r - 17. Determine i(x).
-10
Suppose 3*a + 8 = 20. Suppose -10 = -a*l - 30. Let s(c) = c. Determine s(l).
-5
Let s(w) = -7*w**2 - 5*w + 5. Let k(o) be the first derivative of -o**3 - o**2 + 2*o + 25. Let r(z) = -5*k(z) + 2*s(z). Calculate r(2).
4
Suppose 9 = -4*z + 25. Let s(d) = d**3 - 4*d**2 - 2*d + 2. What is s(z)?
-6
Let k(j) = 5*j + 5. Suppose 151 - 73 = 13*v. Calculate k(v).
35
Suppose -2*r + 3*r - 3*w = -38, 4*r = 3*w - 107. Let k = -23 - r. Let f(p) = -2 + k*p + 3*p**3 + 1 + 2*p - 7*p**3. Determine f(1).
-3
Let w(s) be the third derivative of -1/60*s**5 + 0*s - 4*s**2 + 1/2*s**3 - 1/12*s**4 + 0. Suppose -4*p + 4 = -5*x, -3*p + 2 = -4*x - 2. Calculate w(x).
-5
Suppose -15 + 63 = 5*b - 4*w, -3*b - 4*w + 16 = 0. Let y(d) = -d**3 + 7*d**2 + 8*d + 7. Calculate y(b).
7
Let w(d) be the first derivative of d**3/3 + 33*d - 10. Let l(f) be the first derivative of w(f). Determine l(6).
12
Let z be ((-9)/(-36))/(1/8). Let s(b) = z*b - 14*b**2 + 1 + 3*b + 13*b**2 - 4. Calculate s(5).
-3
Let z = 240 + -251. Let r(q) = q**2 + 13*q. Calculate r(z).
-22
Let p(b) = b**3 - 11*b**2 + 10*b. Let x be 4/(-34) - (7 + 582/(-34)). Determine p(x).
0
Let l(f) = f**3 + 13*f**2 + 7*f + 2. Let o(k) = 2*k**3 + 25*k**2 + 15*k + 4. Suppose -12*d - 15 = -17*d. Let g(p) = d*o(p) - 5*l(p). Determine g(-9).
-7
Let y(i) = -i**2 + 3*i - 1. Let n be y(4). Let q(c) be the third derivative of -c**5/60 - c**4/8 - 2*c**3/3 + 3*c**2 + 1. Give q(n).
-14
Let a = -5 - -1. Suppose -4*m + 8 = -4. Let l(f) = 4*f**2 + 1 + 4*f - m*f**2 - 6 + 3. What is l(a)?
-2
Let d(m) = -m. Let y(c) = -2*c - 6. Let r(h) = 3*d(h) - y(h). Let q be r(12). Let j(k) = -1 + 5 - 2 + k. What is j(q)?
-4
Let z be 2 - 6 - (8 + -14). Let w(x) = -4*x**2 + 6*x - 5 + 5*x**2 - z. Suppose 2*t + 5*y - 2 = 1, 3*y - 33 = 4*t. Calculate w(t).
-7
Let u(h) = 2*h. Let f(l) = -4*l. Let q(i) = -2*f(i) - 5*u(i). Let g = 368 - 370. Determine q(g).
4
Suppose 0*x + 3*x + 48 = -4*m, -x = -5*m - 41. Let z(t) = -4*t - 39. Determine z(m).
-3
Suppose -550*z + 549*z = 0. Let n(w) be the first derivative of -w**4/4 + w**2/2 + 4*w + 19. Give n(z).
4
Let y(z) = -3 - 873*z - 874*z + 1745*z. What is y(-10)?
17
Let r(k) be the second derivative of -k**5/20 - 3*k**4/4 + 11*k**3/6 + 9*k**2 + 160*k + 2. What is r(-10)?
8
Let m(k) = -3*k**3 + 14*k**2 + 7. Let z(l) = 4*l**3 - 15*l**2 + l - 8. Let a(x) = -3*m(x) - 2*z(x). Calculate a(12).
-29
Suppose -326*q = -313*q - 65. Let i(g) = -g + 4. What is i(q)?
-1
Let i be (-11)/(-2) + 6/(-4). Suppose 5*d - 4*t = -3*t + 3, -d - 12 = i*t. Let y(b) = -b**2 + b - 8. Calculate y(d).
-8
Let g be 407/55 + (-2)/5. Suppose q = 3*o + g, -3*o - 17 = -0*o + q. Let v be (-2)/8 + (-21)/o. Let r(u) = u**2 - 6*u - 6. Calculate r(v).
-11
Suppose -2*p = -3*p - 5. Let u(d) = d - 185*d**3 - 5*d**2 + 4 + 97*d**3 + 87*d**3. What is u(p)?
-1
Suppose -5*o = -9*o - 5*m + 36, -m = 0. Let n(s) = -20 + 14 + o*s + s**2 - 4*s + 12. Give n(-4).
2
Let z(r) be the second derivative of r**3/3 - 5*r**2/2 + r. Suppose -h = 4*h + 80. Let j = -11 - h. Determine z(j).
5
Suppose 10 = 3*j + 2*j. Let b = j + 21. Let r = 28 - b. Let p(y) = -y**3 + 5*y**2 + 1. Determine p(r).
1
Let v(c) = 7 + 1 + 7 + 5*c - 19 - c. What is v(-6)?
-28
Let r(p) be the first derivative of -p**2/2 + 120. Suppose -2*j + 3 = -5, 0 = -5*a + 2*j + 22. Calculate r(a).
-6
Let g(l) = -l + 1. Suppose -7*d = -2*d + 10. Let q be d/2 + (2 - -9). Let w be ((-6)/15)/((-4)/q). What is g(w)?
0
Let k(u) = 2*u + 897*u**3 + 5 - 444*u**3 - 6*u**